 = -3 + u**2 + 5*u + 1 + 1. Calculate l(c).
5
Let l(f) = -f + 2 - 2*f + f. Give l(-3).
8
Let f be 2/(-2 - 4)*0. Let u(x) = x**3 + x**2 - x + 4. Determine u(f).
4
Let i(t) be the second derivative of -t**4/12 + t**3/2 - 2*t**2 + 4*t - 5. Calculate i(4).
-8
Let z(m) be the second derivative of -m**7/840 + m**6/72 - m**5/20 + m**4/4 + 5*m**3/6 + m. Let j(u) be the second derivative of z(u). Determine j(4).
-2
Let u = 13 + -16. Let x(c) = c + 4. Let r(m) = 2*m + 9. Let p(n) = -3*r(n) + 7*x(n). Determine p(u).
-2
Suppose -5*f + 0 - 20 = 0. Let i(q) = -2*q**2 - 4*q - 5. Let g(m) = m**2 + m. Let b(x) = -g(x) - i(x). Determine b(f).
9
Suppose 18 + 6 = 4*t. Let w be (5/(-10))/(1/(-2)). Let m(f) = w + 5*f - f**2 + 4 + 0. What is m(t)?
-1
Let b(g) = g**2 - 3*g + 5. Suppose -x = -5*x + 24. Let v(n) = n**2 - 3*n + 6. Let u(t) = x*v(t) - 7*b(t). Determine u(5).
-9
Let z(f) = 3*f**2 - 3*f - 2. Let h be z(3). Suppose 4*r + 2 - h = -b, 0 = r - 5*b + 7. Let m be r/6*8 - -1. Let k(v) = v. Calculate k(m).
5
Let c(u) = u**2 - 3*u. Suppose -f + 3*n - 3 = 1, 3*n - 19 = -2*f. What is c(f)?
10
Suppose 0 - 8 = -4*r, z - 4*r = -3. Let p(t) = t**2 - 3*t - 4. What is p(z)?
6
Let m = -4 + 5. Let w be (-6)/m*6/(-9). Let y(c) = -c**3 + 3*c**2 + 6*c - 4. Give y(w).
4
Let u(l) = 4*l - 3 + 4*l**2 + 4 - 5*l**2. Suppose 8*h = 5*h - 36. Let n be -2*(-3)/(-18)*h. What is u(n)?
1
Let j(k) = -k**2 + 2*k + 1. Let x be 3/2*(-46)/69. Give j(x).
-2
Let r(c) = c**3 + 2*c**2 - 10*c - 3. Let b(f) = f**2 - f - 1. Let v(h) = 6*b(h) - r(h). Give v(4).
13
Suppose 5*g + k - 22 = 2*k, 5*g - 26 = 3*k. Let c(f) be the first derivative of -f**3/3 + 3*f**2 - 2*f - 5. Calculate c(g).
6
Let p(b) = 2 - 11*b - 3*b**2 + 3*b + 0*b + 6*b. Calculate p(-2).
-6
Let l(h) = -2*h + 6. Let y(o) = o**2 + 16*o - 12. Let w be y(-17). Give l(w).
-4
Let c(k) = -k**3 + 4*k**2 + 5. Suppose -5*q + 3*o = -0*q + 18, 2*q + 4 = -2*o. Let n = -3 - q. Suppose n = -4*x - x - 4*g + 4, -36 = -4*x + 5*g. Calculate c(x).
5
Let v = 4 + -2. Let m(l) = 0*l**2 + 0*l**v - 1 - 3*l + 7 + l**2. Calculate m(4).
10
Suppose 0 = 4*p + 1 - 13. Let y(i) = -6 + p + 0*i + 2*i - i**2 + 0*i**2. Give y(2).
-3
Let j(c) = c**2 + 5*c - 1. Let a = -22 + 17. What is j(a)?
-1
Let f(z) = -3*z**2 - z - 1. Suppose 0 = 2*p - 0*p - 42. Let y = p - 22. Calculate f(y).
-3
Suppose 5*f - 40 = 5*a, 0 = -0*a + a + f. Suppose 2*d + 4 = 3*d. Let n(g) = -g**2 - 2*g + 5 + 3*g - d*g. Calculate n(a).
1
Let d(b) = -3*b**2 + 8*b + 0*b**2 + 4*b**2 + 7. Let p be (-2)/(-9) + 235/(-45). What is d(p)?
-8
Suppose n = -3*n. Suppose n = 2*l - 0*l - 6. Let z(a) = 2*a - 4*a - l*a + a**2 + 6 + 0*a. Determine z(5).
6
Let g(j) = 6*j + 51. Let w(n) = -n - 10. Let l(z) = 2*g(z) + 11*w(z). Calculate l(7).
-1
Let r(t) = t**2 - 2*t - 4. Let v(f) = 17 - f - 17. Let k(w) = -r(w) + 3*v(w). What is k(0)?
4
Let s(h) be the second derivative of h**6/360 - h**4/4 - 2*h. Let k(u) be the third derivative of s(u). Give k(1).
2
Let k(t) = -t**3 + t**2 + 5*t - 6. Let f(d) = -2*d**3 + 2*d**2 + 9*d - 11. Let g(m) = -6*f(m) + 11*k(m). Calculate g(1).
1
Let h(p) = 3 - 2*p - p + 2 + 2. Determine h(5).
-8
Let f(u) = -4 - 3*u + 0*u + 3 + 2*u. Let p be f(-5). Let t(y) be the first derivative of -y**3/3 + 3*y**2/2 + 1. Calculate t(p).
-4
Let n(b) = -2 + 0*b**3 + 5*b**2 - b**3 - 4*b + 1. Let u(a) = a - 8. Let j be u(8). Suppose j*f = f - 4. What is n(f)?
-1
Let i(c) be the first derivative of -c**4/4 - 7*c**3/3 + 4*c**2 - 7*c + 16. Give i(-8).
-7
Let p(a) = a**3 - 4*a**2 - 4*a + 7. Let t be p(5). Suppose -b = 3*b + t. Let h(l) = -2*l - 2. Give h(b).
4
Let k(h) = h**2 - h. Let o be k(-1). Let a(w) = -1 + o - w - 3. Let l(b) = b + 2. Let y(v) = -5*a(v) - 6*l(v). Give y(4).
-6
Let r be (-50)/(-6) + 4/6. Let x = r + -7. Let u(g) = -3*g + 3. Calculate u(x).
-3
Let r(a) = 3*a + 29. Let h(d) = 5 - 4*d + 5*d + 5. Let f(p) = -17*h(p) + 6*r(p). Give f(-5).
-1
Let s(w) be the second derivative of -w**4/12 + 4*w**2 - 5*w. Suppose -4 = -3*q + 2*f, -q + 8 = -2*q - 4*f. Calculate s(q).
8
Suppose -x + 10 = -u, 0*u - 5 = u. Let o = -3 + x. Let j(k) = 3*k - 3. Determine j(o).
3
Let b(y) = -3 + 3*y + 1 + 3*y**2 - 2*y**2. Let p = 8 + -4. Suppose 11 = t + 4*n, 3 + 13 = p*n. Give b(t).
8
Let a(b) = 5*b**3 - 3*b + 5. Let l(f) = -14*f**3 - f**2 + 9*f - 14. Let h(s) = -17*a(s) - 6*l(s). Calculate h(5).
9
Let r(i) = 7*i**3 - i**2 - i + 1. Suppose w = 4*n - 0*w - 1, 2 = -n + w. Determine r(n).
6
Let r(i) be the second derivative of -i**3/6 - 3*i**2/2 + 4*i. Let m = -1 - 0. Let u = -6 - m. Give r(u).
2
Let h(k) = k**3 + 6*k**2 - 6*k + 3. Let q = 22 + -29. What is h(q)?
-4
Let d(x) = 2*x - 2. Suppose -11*o = -27 + 49. Determine d(o).
-6
Let y(w) be the first derivative of -w**3/3 - w**2 + 4*w - 7. Let d = 4 - 8. What is y(d)?
-4
Let c be 0*(-3)/(-9) + 4. Let u(q) = -7*q**3 - 10*q - 9. Let z(n) = -6*n**3 + n**2 - 9*n - 8. Let s(d) = -5*u(d) + 6*z(d). Calculate s(c).
13
Suppose m = 2 - 5. Let v = m - 0. Let k(j) = -2*j + 4. Give k(v).
10
Let n(s) = s + 2. Let w be (1 - 0/1)*6. Let t(f) = 2*f + 4. Let l be (70/(-25))/(2/10). Let k(q) = l*n(q) + w*t(q). Determine k(-5).
6
Let m(t) = -5*t**3 - 9*t**2 - 8*t - 1. Let f(v) = v**3 + v**2 + v. Let i(k) = -6*f(k) - m(k). Let r = -62 - -65. Calculate i(r).
7
Let a be 8/(-3)*9/(-6). Suppose 0 = -4*f - 2*s + 46, -4*f + a*s = s - 21. Suppose 3 + 2 = -2*t - 3*z, 5*z + f = -3*t. Let u(k) = -2*k**2 + 1. What is u(t)?
-7
Let i(s) = -s + 3. Suppose -2*r - 4*r = 5*r. Determine i(r).
3
Let l(w) = -23*w + 14. Let b = -48 - -31. Let i(d) = 8*d - 5. Let m(f) = b*i(f) - 6*l(f). What is m(3)?
7
Let x(r) = -1. Let z(u) = -7*u - 4. Let c(k) = 5*x(k) - z(k). Let s be c(3). Suppose 0*d = -4*d + s. Let b(q) = 2*q - 4. Calculate b(d).
6
Suppose 5*j - 25 = -0*j. Suppose 2*d + 2*d = 0. Let t(c) = d + c - 5 + 2 - 1. Determine t(j).
1
Let s(p) = p**3 + 4*p**2 - 5*p - 4. Let w(i) = -i**3 - i**2 + i - 5. Let q be w(0). Let z(k) = -k**3 - 5*k**2 + k. Let x be z(q). Determine s(x).
-4
Let b be ((-2)/3)/((-26)/39). Let i(a) = -a + a**3 + 11*a**2 - b - 3*a**2 - a**2. What is i(-7)?
6
Let a(w) = w**3 + 11*w**2 - 12*w + 4. Let v be a(-12). Let y(m) = m**3 - 2*m**2 - 5*m. Determine y(v).
12
Let x(q) be the second derivative of -q**3/6 + 15*q**2/2 - 5*q. What is x(7)?
8
Let i(c) be the first derivative of -c**4/4 - c**3 + 3*c**2 + 5*c + 1. Let j(y) = 0*y - y**2 - 2*y - 4 + 10*y. Let n be j(8). Give i(n).
-3
Let r(m) = -6*m**3 - 5*m**2 + 3*m + 6. Let a(y) = -5*y**3 - 4*y**2 + 2*y + 5. Let h(x) = -5*a(x) + 4*r(x). Determine h(1).
2
Let a(c) = -2*c - 2. Let j(k) = 10 - 5 - 4 - 2*k - 2. Let l(v) = 6*a(v) - 5*j(v). Calculate l(-5).
3
Let w(l) be the first derivative of -l**3/3 - 7*l**2/2 + 2*l - 96. Suppose 2*c + 0 - 6 = 2*h, h - 5*c = 5. What is w(h)?
12
Let u(k) = -k**3 - 7*k**2 - 5*k - 7. Let i be -4*(-1)/4*-1*5. What is u(i)?
-32
Let u = 19 + -15. Let k(p) = p - 1. Give k(u).
3
Let f(j) = -6*j - 8. Let d(s) = -6*s - 7. Let a(v) = -6*d(v) + 5*f(v). Give a(-2).
-10
Suppose -5*y + 17 + 3 = 0. Suppose 0 = -2*o + p, -p - 7 = -y*o - 3. Let v(a) = -a**2 + a + 2 + 2*a - 5*a. Give v(o).
-6
Let i(x) = x**3 - x**2 + 1. Let m be (5 + -5)/(0 - -2). Determine i(m).
1
Let y(o) = -3*o**2 - 3. Suppose -3*f + 6 = -9. Let l(p) = 5*p**2 + 5. Let u(m) = f*l(m) + 8*y(m). Determine u(2).
5
Let g be -11 + 14 - 1*9. Let x = 2 + g. Let k(j) be the third derivative of -j**4/12 - 2*j**3/3 + j**2. Calculate k(x).
4
Let m(o) = -o**2. Let n = 3 - 8. Let c(p) = -6*p**2 - 3*p + 7. Let j(k) = n*m(k) + c(k). Suppose -s = 1 + 4. Give j(s).
-3
Let j(a) = 1 + 0*a - 4*a - 2*a + 4*a. Calculate j(-6).
13
Let n(m) = m - 4 - m**2 + 4*m + 4*m. Let t be n(8). Suppose 8*x = t*x + 4. Let u(z) = 8*z**3 - z**2 + z - 1. What is u(x)?
7
Let c(y) = 5*y - y**3 + 3*y**2 + 11 - 7 - 7. Determine c(4).
1
Let h(y) = -3*y + 0*y + y - 3. What is h(-3)?
3
Let b(n) be the third derivative of n**5/60 - n**4/24 - n**3/6 + 34*n**2. What is b(-5)?
29
Suppose 2*k + 4*m - 14 = -4, -2*k + 2*m = 20. Let t(y) = -2*y + 5. Let d(w) = w. Let s(f) = 5*d(f) + t(f). Give s(k).
-10
Let h(b) be the third derivative of b**5/60 - b**4/24 - b**2. Let k be 60/(-45)*(-18)/8. Calculate h(k).
6
Suppose 0 = -4*c + 8, -5*f = 5*c - c + 17. Let z(q) = -q**3 - 5*q**2 - q - 5. Determine z(f).
0
Let a(i) = i**3 + 2*i**2 - 2*i 